{"id":107,"date":"2016-10-02T22:40:27","date_gmt":"2016-10-02T20:40:27","guid":{"rendered":"http:\/\/2.225.140.8\/wordpress2\/?page_id=107"},"modified":"2016-10-23T20:22:49","modified_gmt":"2016-10-23T18:22:49","slug":"punto-croce-2","status":"publish","type":"page","link":"https:\/\/valeriazunino.it\/blog\/punto-croce\/punto-croce-2\/","title":{"rendered":"Punto croce 2"},"content":{"rendered":"<p>B<span style=\"font-family: comic sans ms,sans-serif;\">avaglini per le nascite un po&#8217; &#8220;elegantini&#8221; da poter essere usati anche nel giorno del Battesimo.. perch\u00e8 no??<\/span><\/p>\n<table style=\"width: 474px;\">\n<tbody>\n<tr>\n<td style=\"width: 110px;\"><span style=\"font-family: comic sans ms,sans-serif;\">Aurora<\/span><\/td>\n<td style=\"width: 326px;\"><img loading=\"lazy\" decoding=\"async\" class=\"alignnone wp-image-89 size-medium\" src=\"http:\/\/2.225.140.8\/wordpress2\/wp-content\/uploads\/2016\/10\/DSC01790-300x225.jpg\" alt=\"dsc01790\" width=\"300\" height=\"225\" srcset=\"https:\/\/valeriazunino.it\/blog\/wp-content\/uploads\/2016\/10\/DSC01790-300x225.jpg 300w, https:\/\/valeriazunino.it\/blog\/wp-content\/uploads\/2016\/10\/DSC01790-768x576.jpg 768w, https:\/\/valeriazunino.it\/blog\/wp-content\/uploads\/2016\/10\/DSC01790-1024x768.jpg 1024w\" sizes=\"auto, (max-width: 300px) 100vw, 300px\" \/><\/td>\n<\/tr>\n<tr>\n<td style=\"width: 110px;\"><span style=\"font-family: comic sans ms,sans-serif;\">Filippo<\/span><\/td>\n<td style=\"width: 326px;\"><img loading=\"lazy\" decoding=\"async\" class=\"alignnone size-medium wp-image-98\" src=\"http:\/\/2.225.140.8\/wordpress2\/wp-content\/uploads\/2016\/10\/DSC01240-300x225.jpg\" alt=\"dsc01240\" width=\"300\" height=\"225\" srcset=\"https:\/\/valeriazunino.it\/blog\/wp-content\/uploads\/2016\/10\/DSC01240-300x225.jpg 300w, https:\/\/valeriazunino.it\/blog\/wp-content\/uploads\/2016\/10\/DSC01240-768x576.jpg 768w, https:\/\/valeriazunino.it\/blog\/wp-content\/uploads\/2016\/10\/DSC01240-1024x768.jpg 1024w\" sizes=\"auto, (max-width: 300px) 100vw, 300px\" \/><\/td>\n<\/tr>\n<tr>\n<td style=\"width: 110px;\"><span style=\"font-family: comic sans ms,sans-serif;\">Riccardo<\/span><\/td>\n<td style=\"width: 326px;\"><img loading=\"lazy\" decoding=\"async\" class=\"alignnone size-medium wp-image-99\" src=\"http:\/\/2.225.140.8\/wordpress2\/wp-content\/uploads\/2016\/10\/DSC01498-300x225.jpg\" alt=\"dsc01498\" width=\"300\" height=\"225\" srcset=\"https:\/\/valeriazunino.it\/blog\/wp-content\/uploads\/2016\/10\/DSC01498-300x225.jpg 300w, https:\/\/valeriazunino.it\/blog\/wp-content\/uploads\/2016\/10\/DSC01498-768x576.jpg 768w, https:\/\/valeriazunino.it\/blog\/wp-content\/uploads\/2016\/10\/DSC01498-1024x768.jpg 1024w\" sizes=\"auto, (max-width: 300px) 100vw, 300px\" \/><\/td>\n<\/tr>\n<tr>\n<td style=\"width: 110px;\">\u00a0<span style=\"font-family: comic sans ms,sans-serif;\">Vittoria<\/span><\/td>\n<td style=\"width: 326px;\"><img loading=\"lazy\" decoding=\"async\" class=\"alignnone size-medium wp-image-87\" src=\"http:\/\/2.225.140.8\/wordpress2\/wp-content\/uploads\/2016\/10\/DSC00752-300x225.jpg\" alt=\"dsc00752\" width=\"300\" height=\"225\" srcset=\"https:\/\/valeriazunino.it\/blog\/wp-content\/uploads\/2016\/10\/DSC00752-300x225.jpg 300w, https:\/\/valeriazunino.it\/blog\/wp-content\/uploads\/2016\/10\/DSC00752-768x576.jpg 768w, https:\/\/valeriazunino.it\/blog\/wp-content\/uploads\/2016\/10\/DSC00752-1024x768.jpg 1024w\" sizes=\"auto, (max-width: 300px) 100vw, 300px\" \/><\/td>\n<\/tr>\n<\/tbody>\n<\/table>\n<p><span style=\"font-family: comic sans ms,sans-serif;\">Le Abat-Jour<\/span><\/p>\n<table style=\"width: 474px;\">\n<tbody>\n<tr>\n<td style=\"width: 201.9px;\"><span style=\"font-family: comic sans ms,sans-serif;\">Dalla rivista Susanna<\/span><\/p>\n<p><span style=\"font-family: comic sans ms,sans-serif;\">I Lbri di Susanna<\/span><\/p>\n<p><span style=\"font-family: comic sans ms,sans-serif;\">il Punto Croce della Nonna del Novembre 1998<\/span><\/td>\n<td style=\"width: 236.1px;\">\u00a0<img loading=\"lazy\" decoding=\"async\" class=\"alignnone size-medium wp-image-97\" src=\"http:\/\/2.225.140.8\/wordpress2\/wp-content\/uploads\/2016\/10\/DSC01777-300x225.jpg\" alt=\"dsc01777\" width=\"300\" height=\"225\" srcset=\"https:\/\/valeriazunino.it\/blog\/wp-content\/uploads\/2016\/10\/DSC01777-300x225.jpg 300w, https:\/\/valeriazunino.it\/blog\/wp-content\/uploads\/2016\/10\/DSC01777-768x576.jpg 768w, https:\/\/valeriazunino.it\/blog\/wp-content\/uploads\/2016\/10\/DSC01777-1024x768.jpg 1024w\" sizes=\"auto, (max-width: 300px) 100vw, 300px\" \/><\/td>\n<\/tr>\n<tr>\n<td style=\"width: 201.9px;\"><span style=\"font-family: comic sans ms,sans-serif;\">L&#8217;avvento &#8230; la tiro fuori solo sotto Natale , ovviamente .. il progetto in realt\u00e0 era per ricamare una tovaglia lungo la caduta .. motivo da ripetere non so quante volte..\u00a0 \u00e8 gi\u00e0 stato impegnativo farlo una volta sola .. Sempre dai Libri di Susanna .. L&#8217;anno forse 2002 o gi\u00f9 di li.<\/span><\/td>\n<td style=\"width: 236.1px;\">\u00a0<img loading=\"lazy\" decoding=\"async\" class=\"alignnone size-medium wp-image-90\" src=\"http:\/\/2.225.140.8\/wordpress2\/wp-content\/uploads\/2016\/10\/DSC01819-300x225.jpg\" alt=\"dsc01819\" width=\"300\" height=\"225\" srcset=\"https:\/\/valeriazunino.it\/blog\/wp-content\/uploads\/2016\/10\/DSC01819-300x225.jpg 300w, https:\/\/valeriazunino.it\/blog\/wp-content\/uploads\/2016\/10\/DSC01819-768x576.jpg 768w, https:\/\/valeriazunino.it\/blog\/wp-content\/uploads\/2016\/10\/DSC01819-1024x768.jpg 1024w\" sizes=\"auto, (max-width: 300px) 100vw, 300px\" \/><\/td>\n<\/tr>\n<\/tbody>\n<\/table>\n<p>L&#8217;<span style=\"font-family: comic sans ms,sans-serif;\"> Albero della Vita su tela Aida anno 2000<br \/>\n<\/span><\/p>\n<table style=\"width: 635px; height: 235px;\">\n<tbody>\n<tr>\n<td style=\"width: 262.233px;\"><span style=\"font-family: comic sans ms,sans-serif;\">Quadro per la nascita. <\/span><strong>Albero della Vita<\/strong> .Con il caratteristico alfabeto e\u00a0 numeri con i quali per lungo tempo le creature dovranno avere a che fare&#8230; per sempre ..praticamente ..<\/td>\n<td style=\"width: 335.767px;\"><img loading=\"lazy\" decoding=\"async\" class=\"alignnone size-medium wp-image-127\" src=\"http:\/\/2.225.140.8\/wordpress2\/wp-content\/uploads\/2016\/10\/albero-300x225.jpg\" alt=\"albero\" width=\"300\" height=\"225\" srcset=\"https:\/\/valeriazunino.it\/blog\/wp-content\/uploads\/2016\/10\/albero-300x225.jpg 300w, https:\/\/valeriazunino.it\/blog\/wp-content\/uploads\/2016\/10\/albero-768x576.jpg 768w, https:\/\/valeriazunino.it\/blog\/wp-content\/uploads\/2016\/10\/albero-1024x768.jpg 1024w\" sizes=\"auto, (max-width: 300px) 100vw, 300px\" \/><\/td>\n<\/tr>\n<\/tbody>\n<\/table>\n<p><span style=\"font-family: comic sans ms,sans-serif;\">Le bomboniere fatte interamente a mano.. a partire dalla tela ,\u00a0 il sacchettino \u00e8 stato creato cucendolo a mano , ricamati i\u00a0 bordi di finituta e poi ricamata la lettera\u00a0 iniziale del nome pi\u00f9 data della cerimonia.. confezionte con nastro di tulle&#8230; con Amore .. <\/span><\/p>\n<table>\n<tbody>\n<tr>\n<td><span style=\"font-family: comic sans ms,sans-serif;\">Le Bomboniere<\/span><\/td>\n<td><img loading=\"lazy\" decoding=\"async\" class=\"alignnone size-medium wp-image-95\" src=\"http:\/\/2.225.140.8\/wordpress2\/wp-content\/uploads\/2016\/10\/DSC01331-225x300.jpg\" alt=\"dsc01331\" width=\"225\" height=\"300\" srcset=\"https:\/\/valeriazunino.it\/blog\/wp-content\/uploads\/2016\/10\/DSC01331-225x300.jpg 225w, https:\/\/valeriazunino.it\/blog\/wp-content\/uploads\/2016\/10\/DSC01331-768x1024.jpg 768w\" sizes=\"auto, (max-width: 225px) 100vw, 225px\" \/><\/td>\n<\/tr>\n<\/tbody>\n<\/table>\n<p><span style=\"font-family: comic sans ms,sans-serif;\">Bavaglini per Elia e Mia .. mi sembra&#8230; <\/span><\/p>\n<table style=\"width: 474px;\">\n<tbody>\n<tr>\n<td style=\"width: 87.1833px;\"><span style=\"font-family: comic sans ms,sans-serif;\">Elia<\/span><\/td>\n<td style=\"width: 350.817px;\"><img loading=\"lazy\" decoding=\"async\" class=\"alignnone size-medium wp-image-88\" src=\"http:\/\/2.225.140.8\/wordpress2\/wp-content\/uploads\/2016\/10\/DSC01778-300x225.jpg\" alt=\"dsc01778\" width=\"300\" height=\"225\" srcset=\"https:\/\/valeriazunino.it\/blog\/wp-content\/uploads\/2016\/10\/DSC01778-300x225.jpg 300w, https:\/\/valeriazunino.it\/blog\/wp-content\/uploads\/2016\/10\/DSC01778-768x576.jpg 768w, https:\/\/valeriazunino.it\/blog\/wp-content\/uploads\/2016\/10\/DSC01778-1024x768.jpg 1024w\" sizes=\"auto, (max-width: 300px) 100vw, 300px\" \/><\/td>\n<\/tr>\n<tr>\n<td style=\"width: 87.1833px;\"><span style=\"font-family: comic sans ms,sans-serif;\">Mia<\/span><\/td>\n<td style=\"width: 350.817px;\"><img loading=\"lazy\" decoding=\"async\" class=\"alignnone size-medium wp-image-100\" src=\"http:\/\/2.225.140.8\/wordpress2\/wp-content\/uploads\/2016\/10\/DSC00772-300x225.jpg\" alt=\"dsc00772\" width=\"300\" height=\"225\" srcset=\"https:\/\/valeriazunino.it\/blog\/wp-content\/uploads\/2016\/10\/DSC00772-300x225.jpg 300w, https:\/\/valeriazunino.it\/blog\/wp-content\/uploads\/2016\/10\/DSC00772-768x576.jpg 768w, https:\/\/valeriazunino.it\/blog\/wp-content\/uploads\/2016\/10\/DSC00772-1024x768.jpg 1024w\" sizes=\"auto, (max-width: 300px) 100vw, 300px\" \/><\/td>\n<\/tr>\n<\/tbody>\n<\/table>\n<p><span style=\"font-family: comic sans ms,sans-serif;\">Asciugamani per bimbi&#8230; Natalizi<\/span><\/p>\n<table>\n<tbody>\n<tr>\n<td><span style=\"font-family: comic sans ms,sans-serif;\">Mia<\/span><\/td>\n<td><img loading=\"lazy\" decoding=\"async\" class=\"alignnone size-medium wp-image-84\" src=\"http:\/\/2.225.140.8\/wordpress2\/wp-content\/uploads\/2016\/10\/DSC00692-300x225.jpg\" alt=\"dsc00692\" width=\"300\" height=\"225\" srcset=\"https:\/\/valeriazunino.it\/blog\/wp-content\/uploads\/2016\/10\/DSC00692-300x225.jpg 300w, https:\/\/valeriazunino.it\/blog\/wp-content\/uploads\/2016\/10\/DSC00692-768x576.jpg 768w, https:\/\/valeriazunino.it\/blog\/wp-content\/uploads\/2016\/10\/DSC00692-1024x768.jpg 1024w\" sizes=\"auto, (max-width: 300px) 100vw, 300px\" \/><\/td>\n<\/tr>\n<tr>\n<td><span style=\"font-family: comic sans ms,sans-serif;\">Stefano<\/span><\/td>\n<td><img loading=\"lazy\" decoding=\"async\" class=\"alignnone size-medium wp-image-86\" src=\"http:\/\/2.225.140.8\/wordpress2\/wp-content\/uploads\/2016\/10\/DSC00711-1-300x225.jpg\" alt=\"dsc00711\" width=\"300\" height=\"225\" srcset=\"https:\/\/valeriazunino.it\/blog\/wp-content\/uploads\/2016\/10\/DSC00711-1-300x225.jpg 300w, https:\/\/valeriazunino.it\/blog\/wp-content\/uploads\/2016\/10\/DSC00711-1-768x576.jpg 768w, https:\/\/valeriazunino.it\/blog\/wp-content\/uploads\/2016\/10\/DSC00711-1-1024x768.jpg 1024w\" sizes=\"auto, (max-width: 300px) 100vw, 300px\" \/><\/td>\n<\/tr>\n<\/tbody>\n<\/table>\n<p>quadretto &#8220;torno subito&#8221; per la mia amica Cruell\u00e0<\/p>\n<table style=\"width: 474px;\">\n<tbody>\n<tr>\n<td style=\"width: 205.583px;\">Quadretto per negozio.<\/td>\n<td style=\"width: 231.417px;\"><img loading=\"lazy\" decoding=\"async\" class=\"alignnone size-medium wp-image-310\" src=\"http:\/\/2.225.140.8\/wordpress2\/wp-content\/uploads\/2016\/10\/IMG_3941p-225x300.png\" alt=\"img_3941p\" width=\"225\" height=\"300\" srcset=\"https:\/\/valeriazunino.it\/blog\/wp-content\/uploads\/2016\/10\/IMG_3941p-225x300.png 225w, https:\/\/valeriazunino.it\/blog\/wp-content\/uploads\/2016\/10\/IMG_3941p-768x1024.png 768w, https:\/\/valeriazunino.it\/blog\/wp-content\/uploads\/2016\/10\/IMG_3941p.png 1224w\" sizes=\"auto, (max-width: 225px) 100vw, 225px\" \/><\/td>\n<\/tr>\n<\/tbody>\n<\/table>\n<p>Per i cuginetti Federico ed Emanuele<\/p>\n<table style=\"width: 474px;\">\n<tbody>\n<tr>\n<td style=\"width: 184.983px;\">Asciugamanini bagno<\/td>\n<td style=\"width: 252.017px;\"><img loading=\"lazy\" decoding=\"async\" class=\"alignnone size-medium wp-image-151\" src=\"http:\/\/2.225.140.8\/wordpress2\/wp-content\/uploads\/2016\/10\/wp-image-408555015jpg-169x300.jpg\" alt=\"wp-image-408555015jpg.jpg\" width=\"169\" height=\"300\" srcset=\"https:\/\/valeriazunino.it\/blog\/wp-content\/uploads\/2016\/10\/wp-image-408555015jpg-169x300.jpg 169w, https:\/\/valeriazunino.it\/blog\/wp-content\/uploads\/2016\/10\/wp-image-408555015jpg-768x1366.jpg 768w, https:\/\/valeriazunino.it\/blog\/wp-content\/uploads\/2016\/10\/wp-image-408555015jpg-576x1024.jpg 576w, https:\/\/valeriazunino.it\/blog\/wp-content\/uploads\/2016\/10\/wp-image-408555015jpg.jpg 2000w\" sizes=\"auto, (max-width: 169px) 100vw, 169px\" \/><\/td>\n<\/tr>\n<\/tbody>\n<\/table>\n<p>Presine per la cucina<\/p>\n<table style=\"width: 474px;\">\n<tbody>\n<tr>\n<td style=\"width: 173.65px;\">Utilizzando solo tre colori di matassine DMC<\/td>\n<td style=\"width: 263.35px;\"><img loading=\"lazy\" decoding=\"async\" class=\"alignnone size-medium wp-image-259\" src=\"http:\/\/2.225.140.8\/wordpress2\/wp-content\/uploads\/2016\/10\/DSC00017-300x225.jpg\" alt=\"dsc00017\" width=\"300\" height=\"225\" srcset=\"https:\/\/valeriazunino.it\/blog\/wp-content\/uploads\/2016\/10\/DSC00017-300x225.jpg 300w, https:\/\/valeriazunino.it\/blog\/wp-content\/uploads\/2016\/10\/DSC00017-768x576.jpg 768w, https:\/\/valeriazunino.it\/blog\/wp-content\/uploads\/2016\/10\/DSC00017-1024x768.jpg 1024w\" sizes=\"auto, (max-width: 300px) 100vw, 300px\" \/><\/td>\n<\/tr>\n<\/tbody>\n<\/table>\n<p>Le vecchie presine che hanno pi\u00f9 anni del lupo&#8230; ma non si possono buttare .. sono pezzi e core..<\/p>\n<table style=\"width: 542.417px;\">\n<tbody>\n<tr>\n<td style=\"width: 238px;\">Queste presine ne hanno viste di cotte e di crude .. hanno anche preso il lampo.. \ud83d\ude42<\/p>\n<p>&nbsp;<\/td>\n<td style=\"width: 267.417px;\">\u00a0<img loading=\"lazy\" decoding=\"async\" class=\"alignnone size-medium wp-image-372\" src=\"http:\/\/2.225.140.8\/wordpress2\/wp-content\/uploads\/2016\/10\/20161010_183803-e1476133535200-169x300.jpg\" alt=\"20161010_183803\" width=\"169\" height=\"300\" srcset=\"https:\/\/valeriazunino.it\/blog\/wp-content\/uploads\/2016\/10\/20161010_183803-e1476133535200-169x300.jpg 169w, https:\/\/valeriazunino.it\/blog\/wp-content\/uploads\/2016\/10\/20161010_183803-e1476133535200-768x1365.jpg 768w, https:\/\/valeriazunino.it\/blog\/wp-content\/uploads\/2016\/10\/20161010_183803-e1476133535200-576x1024.jpg 576w\" sizes=\"auto, (max-width: 169px) 100vw, 169px\" \/><\/td>\n<\/tr>\n<\/tbody>\n<\/table>\n<p>Presine varie fatte per la lotteria di beneficenza dei frati Benedettini<\/p>\n<table style=\"width: 462.733px;\">\n<tbody>\n<tr>\n<td style=\"width: 111px;\">Presine con soggetti diversi<\/td>\n<td style=\"width: 137px;\"><img loading=\"lazy\" decoding=\"async\" class=\"alignnone size-medium wp-image-168\" src=\"http:\/\/2.225.140.8\/wordpress2\/wp-content\/uploads\/2016\/10\/IMG_1516-e1475961240958-225x300.jpg\" alt=\"img_1516\" width=\"225\" height=\"300\" srcset=\"https:\/\/valeriazunino.it\/blog\/wp-content\/uploads\/2016\/10\/IMG_1516-e1475961240958-225x300.jpg 225w, https:\/\/valeriazunino.it\/blog\/wp-content\/uploads\/2016\/10\/IMG_1516-e1475961240958-768x1024.jpg 768w\" sizes=\"auto, (max-width: 225px) 100vw, 225px\" \/><\/td>\n<td style=\"width: 141px;\"><img loading=\"lazy\" decoding=\"async\" class=\"alignnone size-medium wp-image-161\" src=\"http:\/\/2.225.140.8\/wordpress2\/wp-content\/uploads\/2016\/10\/IMG_1515-e1475961284932-225x300.jpg\" alt=\"img_1515\" width=\"225\" height=\"300\" srcset=\"https:\/\/valeriazunino.it\/blog\/wp-content\/uploads\/2016\/10\/IMG_1515-e1475961284932-225x300.jpg 225w, https:\/\/valeriazunino.it\/blog\/wp-content\/uploads\/2016\/10\/IMG_1515-e1475961284932-768x1024.jpg 768w\" sizes=\"auto, (max-width: 225px) 100vw, 225px\" \/><\/td>\n<td style=\"width: 10px;\"><\/td>\n<\/tr>\n<\/tbody>\n<\/table>\n<p><img loading=\"lazy\" decoding=\"async\" class=\"size-medium wp-image-580 aligncenter\" src=\"http:\/\/2.225.140.8\/wordpress2\/wp-content\/uploads\/2016\/10\/IMG_1517-300x225.jpg\" alt=\"img_1517\" width=\"300\" height=\"225\" srcset=\"https:\/\/valeriazunino.it\/blog\/wp-content\/uploads\/2016\/10\/IMG_1517-300x225.jpg 300w, https:\/\/valeriazunino.it\/blog\/wp-content\/uploads\/2016\/10\/IMG_1517-768x576.jpg 768w, https:\/\/valeriazunino.it\/blog\/wp-content\/uploads\/2016\/10\/IMG_1517-1024x768.jpg 1024w\" sizes=\"auto, (max-width: 300px) 100vw, 300px\" \/><\/p>\n","protected":false},"excerpt":{"rendered":"<p>Bavaglini per le nascite un po&#8217; &#8220;elegantini&#8221; da poter essere usati anche nel giorno del Battesimo.. perch\u00e8 no?? Aurora Filippo Riccardo \u00a0Vittoria Le Abat-Jour Dalla rivista Susanna I Lbri di Susanna il Punto Croce della Nonna del Novembre 1998 \u00a0 L&#8217;avvento &#8230; la tiro fuori solo sotto Natale , ovviamente .. il progetto in realt\u00e0 &hellip; <a href=\"https:\/\/valeriazunino.it\/blog\/punto-croce\/punto-croce-2\/\" class=\"more-link\">Continua la lettura di <span class=\"screen-reader-text\">Punto croce 2<\/span> <span class=\"meta-nav\">&rarr;<\/span><\/a><\/p>\n","protected":false},"author":1,"featured_media":0,"parent":34,"menu_order":0,"comment_status":"closed","ping_status":"closed","template":"","meta":{"footnotes":""},"class_list":["post-107","page","type-page","status-publish","hentry"],"yoast_head":"<!-- This site is optimized with the Yoast SEO plugin v27.0 - https:\/\/yoast.com\/product\/yoast-seo-wordpress\/ -->\n<title>Punto croce 2 - ValeVz<\/title>\n<meta name=\"robots\" content=\"index, follow, max-snippet:-1, max-image-preview:large, max-video-preview:-1\" \/>\n<link rel=\"canonical\" href=\"https:\/\/valeriazunino.it\/blog\/punto-croce\/punto-croce-2\/\" \/>\n<meta property=\"og:locale\" content=\"it_IT\" \/>\n<meta property=\"og:type\" content=\"article\" \/>\n<meta property=\"og:title\" content=\"Punto croce 2 - ValeVz\" \/>\n<meta property=\"og:description\" content=\"Bavaglini per le nascite un po&#8217; &#8220;elegantini&#8221; da poter essere usati anche nel giorno del Battesimo.. perch\u00e8 no?? Aurora Filippo Riccardo \u00a0Vittoria Le Abat-Jour Dalla rivista Susanna I Lbri di Susanna il Punto Croce della Nonna del Novembre 1998 \u00a0 L&#8217;avvento &#8230; la tiro fuori solo sotto Natale , ovviamente .. il progetto in realt\u00e0 &hellip; Continua la lettura di Punto croce 2 &rarr;\" \/>\n<meta property=\"og:url\" content=\"https:\/\/valeriazunino.it\/blog\/punto-croce\/punto-croce-2\/\" \/>\n<meta property=\"og:site_name\" content=\"ValeVz\" \/>\n<meta property=\"article:publisher\" content=\"https:\/\/www.facebook.com\/valeria.zunino.7\" \/>\n<meta property=\"article:modified_time\" content=\"2016-10-23T18:22:49+00:00\" \/>\n<meta property=\"og:image\" content=\"http:\/\/2.225.140.8\/wordpress2\/wp-content\/uploads\/2016\/10\/DSC01790-300x225.jpg\" \/>\n<meta name=\"twitter:card\" content=\"summary_large_image\" \/>\n<meta name=\"twitter:site\" content=\"@valezunin\" \/>\n<meta name=\"twitter:label1\" content=\"Tempo di lettura stimato\" \/>\n\t<meta name=\"twitter:data1\" content=\"1 minuto\" \/>\n<script type=\"application\/ld+json\" class=\"yoast-schema-graph\">{\"@context\":\"https:\/\/schema.org\",\"@graph\":[{\"@type\":\"WebPage\",\"@id\":\"https:\/\/valeriazunino.it\/blog\/punto-croce\/punto-croce-2\/\",\"url\":\"https:\/\/valeriazunino.it\/blog\/punto-croce\/punto-croce-2\/\",\"name\":\"Punto croce 2 - ValeVz\",\"isPartOf\":{\"@id\":\"https:\/\/valeriazunino.it\/blog\/#website\"},\"primaryImageOfPage\":{\"@id\":\"https:\/\/valeriazunino.it\/blog\/punto-croce\/punto-croce-2\/#primaryimage\"},\"image\":{\"@id\":\"https:\/\/valeriazunino.it\/blog\/punto-croce\/punto-croce-2\/#primaryimage\"},\"thumbnailUrl\":\"http:\/\/2.225.140.8\/wordpress2\/wp-content\/uploads\/2016\/10\/DSC01790-300x225.jpg\",\"datePublished\":\"2016-10-02T20:40:27+00:00\",\"dateModified\":\"2016-10-23T18:22:49+00:00\",\"breadcrumb\":{\"@id\":\"https:\/\/valeriazunino.it\/blog\/punto-croce\/punto-croce-2\/#breadcrumb\"},\"inLanguage\":\"it-IT\",\"potentialAction\":[{\"@type\":\"ReadAction\",\"target\":[\"https:\/\/valeriazunino.it\/blog\/punto-croce\/punto-croce-2\/\"]}]},{\"@type\":\"ImageObject\",\"inLanguage\":\"it-IT\",\"@id\":\"https:\/\/valeriazunino.it\/blog\/punto-croce\/punto-croce-2\/#primaryimage\",\"url\":\"http:\/\/2.225.140.8\/wordpress2\/wp-content\/uploads\/2016\/10\/DSC01790-300x225.jpg\",\"contentUrl\":\"http:\/\/2.225.140.8\/wordpress2\/wp-content\/uploads\/2016\/10\/DSC01790-300x225.jpg\"},{\"@type\":\"BreadcrumbList\",\"@id\":\"https:\/\/valeriazunino.it\/blog\/punto-croce\/punto-croce-2\/#breadcrumb\",\"itemListElement\":[{\"@type\":\"ListItem\",\"position\":1,\"name\":\"Home\",\"item\":\"https:\/\/valeriazunino.it\/blog\/\"},{\"@type\":\"ListItem\",\"position\":2,\"name\":\"Punto croce\",\"item\":\"https:\/\/valeriazunino.it\/blog\/punto-croce\/\"},{\"@type\":\"ListItem\",\"position\":3,\"name\":\"Punto croce 2\"}]},{\"@type\":\"WebSite\",\"@id\":\"https:\/\/valeriazunino.it\/blog\/#website\",\"url\":\"https:\/\/valeriazunino.it\/blog\/\",\"name\":\"ValeVz\",\"description\":\"il mio sito\",\"potentialAction\":[{\"@type\":\"SearchAction\",\"target\":{\"@type\":\"EntryPoint\",\"urlTemplate\":\"https:\/\/valeriazunino.it\/blog\/?s={search_term_string}\"},\"query-input\":{\"@type\":\"PropertyValueSpecification\",\"valueRequired\":true,\"valueName\":\"search_term_string\"}}],\"inLanguage\":\"it-IT\"}]}<\/script>\n<!-- \/ Yoast SEO plugin. -->","yoast_head_json":{"title":"Punto croce 2 - ValeVz","robots":{"index":"index","follow":"follow","max-snippet":"max-snippet:-1","max-image-preview":"max-image-preview:large","max-video-preview":"max-video-preview:-1"},"canonical":"https:\/\/valeriazunino.it\/blog\/punto-croce\/punto-croce-2\/","og_locale":"it_IT","og_type":"article","og_title":"Punto croce 2 - ValeVz","og_description":"Bavaglini per le nascite un po&#8217; &#8220;elegantini&#8221; da poter essere usati anche nel giorno del Battesimo.. perch\u00e8 no?? Aurora Filippo Riccardo \u00a0Vittoria Le Abat-Jour Dalla rivista Susanna I Lbri di Susanna il Punto Croce della Nonna del Novembre 1998 \u00a0 L&#8217;avvento &#8230; la tiro fuori solo sotto Natale , ovviamente .. il progetto in realt\u00e0 &hellip; Continua la lettura di Punto croce 2 &rarr;","og_url":"https:\/\/valeriazunino.it\/blog\/punto-croce\/punto-croce-2\/","og_site_name":"ValeVz","article_publisher":"https:\/\/www.facebook.com\/valeria.zunino.7","article_modified_time":"2016-10-23T18:22:49+00:00","og_image":[{"url":"http:\/\/2.225.140.8\/wordpress2\/wp-content\/uploads\/2016\/10\/DSC01790-300x225.jpg","type":"","width":"","height":""}],"twitter_card":"summary_large_image","twitter_site":"@valezunin","twitter_misc":{"Tempo di lettura stimato":"1 minuto"},"schema":{"@context":"https:\/\/schema.org","@graph":[{"@type":"WebPage","@id":"https:\/\/valeriazunino.it\/blog\/punto-croce\/punto-croce-2\/","url":"https:\/\/valeriazunino.it\/blog\/punto-croce\/punto-croce-2\/","name":"Punto croce 2 - ValeVz","isPartOf":{"@id":"https:\/\/valeriazunino.it\/blog\/#website"},"primaryImageOfPage":{"@id":"https:\/\/valeriazunino.it\/blog\/punto-croce\/punto-croce-2\/#primaryimage"},"image":{"@id":"https:\/\/valeriazunino.it\/blog\/punto-croce\/punto-croce-2\/#primaryimage"},"thumbnailUrl":"http:\/\/2.225.140.8\/wordpress2\/wp-content\/uploads\/2016\/10\/DSC01790-300x225.jpg","datePublished":"2016-10-02T20:40:27+00:00","dateModified":"2016-10-23T18:22:49+00:00","breadcrumb":{"@id":"https:\/\/valeriazunino.it\/blog\/punto-croce\/punto-croce-2\/#breadcrumb"},"inLanguage":"it-IT","potentialAction":[{"@type":"ReadAction","target":["https:\/\/valeriazunino.it\/blog\/punto-croce\/punto-croce-2\/"]}]},{"@type":"ImageObject","inLanguage":"it-IT","@id":"https:\/\/valeriazunino.it\/blog\/punto-croce\/punto-croce-2\/#primaryimage","url":"http:\/\/2.225.140.8\/wordpress2\/wp-content\/uploads\/2016\/10\/DSC01790-300x225.jpg","contentUrl":"http:\/\/2.225.140.8\/wordpress2\/wp-content\/uploads\/2016\/10\/DSC01790-300x225.jpg"},{"@type":"BreadcrumbList","@id":"https:\/\/valeriazunino.it\/blog\/punto-croce\/punto-croce-2\/#breadcrumb","itemListElement":[{"@type":"ListItem","position":1,"name":"Home","item":"https:\/\/valeriazunino.it\/blog\/"},{"@type":"ListItem","position":2,"name":"Punto croce","item":"https:\/\/valeriazunino.it\/blog\/punto-croce\/"},{"@type":"ListItem","position":3,"name":"Punto croce 2"}]},{"@type":"WebSite","@id":"https:\/\/valeriazunino.it\/blog\/#website","url":"https:\/\/valeriazunino.it\/blog\/","name":"ValeVz","description":"il mio sito","potentialAction":[{"@type":"SearchAction","target":{"@type":"EntryPoint","urlTemplate":"https:\/\/valeriazunino.it\/blog\/?s={search_term_string}"},"query-input":{"@type":"PropertyValueSpecification","valueRequired":true,"valueName":"search_term_string"}}],"inLanguage":"it-IT"}]}},"post_mailing_queue_ids":[],"_links":{"self":[{"href":"https:\/\/valeriazunino.it\/blog\/wp-json\/wp\/v2\/pages\/107","targetHints":{"allow":["GET"]}}],"collection":[{"href":"https:\/\/valeriazunino.it\/blog\/wp-json\/wp\/v2\/pages"}],"about":[{"href":"https:\/\/valeriazunino.it\/blog\/wp-json\/wp\/v2\/types\/page"}],"author":[{"embeddable":true,"href":"https:\/\/valeriazunino.it\/blog\/wp-json\/wp\/v2\/users\/1"}],"replies":[{"embeddable":true,"href":"https:\/\/valeriazunino.it\/blog\/wp-json\/wp\/v2\/comments?post=107"}],"version-history":[{"count":28,"href":"https:\/\/valeriazunino.it\/blog\/wp-json\/wp\/v2\/pages\/107\/revisions"}],"predecessor-version":[{"id":600,"href":"https:\/\/valeriazunino.it\/blog\/wp-json\/wp\/v2\/pages\/107\/revisions\/600"}],"up":[{"embeddable":true,"href":"https:\/\/valeriazunino.it\/blog\/wp-json\/wp\/v2\/pages\/34"}],"wp:attachment":[{"href":"https:\/\/valeriazunino.it\/blog\/wp-json\/wp\/v2\/media?parent=107"}],"curies":[{"name":"wp","href":"https:\/\/api.w.org\/{rel}","templated":true}]}}