{"id":231,"date":"2016-10-09T11:47:02","date_gmt":"2016-10-09T09:47:02","guid":{"rendered":"http:\/\/2.225.140.8\/wordpress2\/?page_id=231"},"modified":"2017-11-21T21:59:15","modified_gmt":"2017-11-21T20:59:15","slug":"creazioni-varie","status":"publish","type":"page","link":"https:\/\/valeriazunino.it\/blog\/creazioni-varie\/","title":{"rendered":"Creazioni Varie"},"content":{"rendered":"<table style=\"height: 100px; width: 280.05px;\">\n<tbody>\n<tr style=\"height: 0px;\">\n<td style=\"width: 147px; height: 0px;\">\n<h1 style=\"text-align: center;\"><span style=\"font-family: georgia,palatino,serif; color: #008000;\"><strong>Creazioni Varie<br \/>\n<\/strong><\/span><\/h1>\n<\/td>\n<td style=\"width: 92.05px; height: 0px;\"><a href=\"http:\/\/valeriazunino.it\/blog\/wp-content\/uploads\/2016\/10\/fiori_blog_vavvi.jpg\"><img loading=\"lazy\" decoding=\"async\" class=\"alignnone wp-image-59\" src=\"http:\/\/2.225.140.8\/wordpress2\/wp-content\/uploads\/2016\/10\/fiori_blog_vavvi-150x150.jpg\" alt=\"fiori_blog_vavvi\" width=\"89\" height=\"89\" \/><\/a><\/td>\n<\/tr>\n<\/tbody>\n<\/table>\n<p><span style=\"font-family: comic sans ms,sans-serif;\">La vera creativa non si ferma a pochi ambiti ma spazia pi\u00f9 che pu\u00f2 perch\u00e8 altrimenti si annoia.. :))))\u00a0 questo \u00e8 il settore dell&#8217;una tantum&#8230; una volta sola nella vita o quasi..!!\u00a0\u00a0 \ud83d\ude09<\/span><\/p>\n<p><a href=\"http:\/\/valeriazunino.it\/blog\/creazioni-varie-2\/\">clicca qui per vedere i lavoretti vari<\/a><\/p>\n","protected":false},"excerpt":{"rendered":"<p>Creazioni Varie La vera creativa non si ferma a pochi ambiti ma spazia pi\u00f9 che pu\u00f2 perch\u00e8 altrimenti si annoia.. :))))\u00a0 questo \u00e8 il settore dell&#8217;una tantum&#8230; una volta sola nella vita o quasi..!!\u00a0\u00a0 \ud83d\ude09 clicca qui per vedere i lavoretti vari<\/p>\n","protected":false},"author":1,"featured_media":0,"parent":0,"menu_order":0,"comment_status":"closed","ping_status":"closed","template":"","meta":{"footnotes":""},"class_list":["post-231","page","type-page","status-publish","hentry"],"yoast_head":"<!-- This site is optimized with the Yoast SEO plugin v27.0 - https:\/\/yoast.com\/product\/yoast-seo-wordpress\/ -->\n<title>Creazioni Varie - ValeVz<\/title>\n<meta name=\"robots\" content=\"index, follow, max-snippet:-1, max-image-preview:large, max-video-preview:-1\" \/>\n<link rel=\"canonical\" href=\"https:\/\/valeriazunino.it\/blog\/creazioni-varie\/\" \/>\n<meta property=\"og:locale\" content=\"it_IT\" \/>\n<meta property=\"og:type\" content=\"article\" \/>\n<meta property=\"og:title\" content=\"Creazioni Varie - ValeVz\" \/>\n<meta property=\"og:description\" content=\"Creazioni Varie La vera creativa non si ferma a pochi ambiti ma spazia pi\u00f9 che pu\u00f2 perch\u00e8 altrimenti si annoia.. :))))\u00a0 questo \u00e8 il settore dell&#8217;una tantum&#8230; una volta sola nella vita o quasi..!!\u00a0\u00a0 \ud83d\ude09 clicca qui per vedere i lavoretti vari\" \/>\n<meta property=\"og:url\" content=\"https:\/\/valeriazunino.it\/blog\/creazioni-varie\/\" \/>\n<meta property=\"og:site_name\" content=\"ValeVz\" \/>\n<meta property=\"article:publisher\" content=\"https:\/\/www.facebook.com\/valeria.zunino.7\" \/>\n<meta property=\"article:modified_time\" content=\"2017-11-21T20:59:15+00:00\" \/>\n<meta property=\"og:image\" content=\"http:\/\/2.225.140.8\/wordpress2\/wp-content\/uploads\/2016\/10\/fiori_blog_vavvi-150x150.jpg\" \/>\n<meta name=\"twitter:card\" content=\"summary_large_image\" \/>\n<meta name=\"twitter:site\" content=\"@valezunin\" \/>\n<script type=\"application\/ld+json\" class=\"yoast-schema-graph\">{\"@context\":\"https:\/\/schema.org\",\"@graph\":[{\"@type\":\"WebPage\",\"@id\":\"https:\/\/valeriazunino.it\/blog\/creazioni-varie\/\",\"url\":\"https:\/\/valeriazunino.it\/blog\/creazioni-varie\/\",\"name\":\"Creazioni Varie - ValeVz\",\"isPartOf\":{\"@id\":\"https:\/\/valeriazunino.it\/blog\/#website\"},\"primaryImageOfPage\":{\"@id\":\"https:\/\/valeriazunino.it\/blog\/creazioni-varie\/#primaryimage\"},\"image\":{\"@id\":\"https:\/\/valeriazunino.it\/blog\/creazioni-varie\/#primaryimage\"},\"thumbnailUrl\":\"http:\/\/2.225.140.8\/wordpress2\/wp-content\/uploads\/2016\/10\/fiori_blog_vavvi-150x150.jpg\",\"datePublished\":\"2016-10-09T09:47:02+00:00\",\"dateModified\":\"2017-11-21T20:59:15+00:00\",\"breadcrumb\":{\"@id\":\"https:\/\/valeriazunino.it\/blog\/creazioni-varie\/#breadcrumb\"},\"inLanguage\":\"it-IT\",\"potentialAction\":[{\"@type\":\"ReadAction\",\"target\":[\"https:\/\/valeriazunino.it\/blog\/creazioni-varie\/\"]}]},{\"@type\":\"ImageObject\",\"inLanguage\":\"it-IT\",\"@id\":\"https:\/\/valeriazunino.it\/blog\/creazioni-varie\/#primaryimage\",\"url\":\"http:\/\/2.225.140.8\/wordpress2\/wp-content\/uploads\/2016\/10\/fiori_blog_vavvi-150x150.jpg\",\"contentUrl\":\"http:\/\/2.225.140.8\/wordpress2\/wp-content\/uploads\/2016\/10\/fiori_blog_vavvi-150x150.jpg\"},{\"@type\":\"BreadcrumbList\",\"@id\":\"https:\/\/valeriazunino.it\/blog\/creazioni-varie\/#breadcrumb\",\"itemListElement\":[{\"@type\":\"ListItem\",\"position\":1,\"name\":\"Home\",\"item\":\"https:\/\/valeriazunino.it\/blog\/\"},{\"@type\":\"ListItem\",\"position\":2,\"name\":\"Creazioni Varie\"}]},{\"@type\":\"WebSite\",\"@id\":\"https:\/\/valeriazunino.it\/blog\/#website\",\"url\":\"https:\/\/valeriazunino.it\/blog\/\",\"name\":\"ValeVz\",\"description\":\"il mio sito\",\"potentialAction\":[{\"@type\":\"SearchAction\",\"target\":{\"@type\":\"EntryPoint\",\"urlTemplate\":\"https:\/\/valeriazunino.it\/blog\/?s={search_term_string}\"},\"query-input\":{\"@type\":\"PropertyValueSpecification\",\"valueRequired\":true,\"valueName\":\"search_term_string\"}}],\"inLanguage\":\"it-IT\"}]}<\/script>\n<!-- \/ Yoast SEO plugin. -->","yoast_head_json":{"title":"Creazioni Varie - ValeVz","robots":{"index":"index","follow":"follow","max-snippet":"max-snippet:-1","max-image-preview":"max-image-preview:large","max-video-preview":"max-video-preview:-1"},"canonical":"https:\/\/valeriazunino.it\/blog\/creazioni-varie\/","og_locale":"it_IT","og_type":"article","og_title":"Creazioni Varie - ValeVz","og_description":"Creazioni Varie La vera creativa non si ferma a pochi ambiti ma spazia pi\u00f9 che pu\u00f2 perch\u00e8 altrimenti si annoia.. :))))\u00a0 questo \u00e8 il settore dell&#8217;una tantum&#8230; una volta sola nella vita o quasi..!!\u00a0\u00a0 \ud83d\ude09 clicca qui per vedere i lavoretti vari","og_url":"https:\/\/valeriazunino.it\/blog\/creazioni-varie\/","og_site_name":"ValeVz","article_publisher":"https:\/\/www.facebook.com\/valeria.zunino.7","article_modified_time":"2017-11-21T20:59:15+00:00","og_image":[{"url":"http:\/\/2.225.140.8\/wordpress2\/wp-content\/uploads\/2016\/10\/fiori_blog_vavvi-150x150.jpg","type":"","width":"","height":""}],"twitter_card":"summary_large_image","twitter_site":"@valezunin","schema":{"@context":"https:\/\/schema.org","@graph":[{"@type":"WebPage","@id":"https:\/\/valeriazunino.it\/blog\/creazioni-varie\/","url":"https:\/\/valeriazunino.it\/blog\/creazioni-varie\/","name":"Creazioni Varie - ValeVz","isPartOf":{"@id":"https:\/\/valeriazunino.it\/blog\/#website"},"primaryImageOfPage":{"@id":"https:\/\/valeriazunino.it\/blog\/creazioni-varie\/#primaryimage"},"image":{"@id":"https:\/\/valeriazunino.it\/blog\/creazioni-varie\/#primaryimage"},"thumbnailUrl":"http:\/\/2.225.140.8\/wordpress2\/wp-content\/uploads\/2016\/10\/fiori_blog_vavvi-150x150.jpg","datePublished":"2016-10-09T09:47:02+00:00","dateModified":"2017-11-21T20:59:15+00:00","breadcrumb":{"@id":"https:\/\/valeriazunino.it\/blog\/creazioni-varie\/#breadcrumb"},"inLanguage":"it-IT","potentialAction":[{"@type":"ReadAction","target":["https:\/\/valeriazunino.it\/blog\/creazioni-varie\/"]}]},{"@type":"ImageObject","inLanguage":"it-IT","@id":"https:\/\/valeriazunino.it\/blog\/creazioni-varie\/#primaryimage","url":"http:\/\/2.225.140.8\/wordpress2\/wp-content\/uploads\/2016\/10\/fiori_blog_vavvi-150x150.jpg","contentUrl":"http:\/\/2.225.140.8\/wordpress2\/wp-content\/uploads\/2016\/10\/fiori_blog_vavvi-150x150.jpg"},{"@type":"BreadcrumbList","@id":"https:\/\/valeriazunino.it\/blog\/creazioni-varie\/#breadcrumb","itemListElement":[{"@type":"ListItem","position":1,"name":"Home","item":"https:\/\/valeriazunino.it\/blog\/"},{"@type":"ListItem","position":2,"name":"Creazioni Varie"}]},{"@type":"WebSite","@id":"https:\/\/valeriazunino.it\/blog\/#website","url":"https:\/\/valeriazunino.it\/blog\/","name":"ValeVz","description":"il mio sito","potentialAction":[{"@type":"SearchAction","target":{"@type":"EntryPoint","urlTemplate":"https:\/\/valeriazunino.it\/blog\/?s={search_term_string}"},"query-input":{"@type":"PropertyValueSpecification","valueRequired":true,"valueName":"search_term_string"}}],"inLanguage":"it-IT"}]}},"post_mailing_queue_ids":[],"_links":{"self":[{"href":"https:\/\/valeriazunino.it\/blog\/wp-json\/wp\/v2\/pages\/231","targetHints":{"allow":["GET"]}}],"collection":[{"href":"https:\/\/valeriazunino.it\/blog\/wp-json\/wp\/v2\/pages"}],"about":[{"href":"https:\/\/valeriazunino.it\/blog\/wp-json\/wp\/v2\/types\/page"}],"author":[{"embeddable":true,"href":"https:\/\/valeriazunino.it\/blog\/wp-json\/wp\/v2\/users\/1"}],"replies":[{"embeddable":true,"href":"https:\/\/valeriazunino.it\/blog\/wp-json\/wp\/v2\/comments?post=231"}],"version-history":[{"count":7,"href":"https:\/\/valeriazunino.it\/blog\/wp-json\/wp\/v2\/pages\/231\/revisions"}],"predecessor-version":[{"id":251,"href":"https:\/\/valeriazunino.it\/blog\/wp-json\/wp\/v2\/pages\/231\/revisions\/251"}],"wp:attachment":[{"href":"https:\/\/valeriazunino.it\/blog\/wp-json\/wp\/v2\/media?parent=231"}],"curies":[{"name":"wp","href":"https:\/\/api.w.org\/{rel}","templated":true}]}}