{"id":237,"date":"2016-10-09T12:12:30","date_gmt":"2016-10-09T10:12:30","guid":{"rendered":"http:\/\/2.225.140.8\/wordpress2\/?page_id=237"},"modified":"2021-02-07T23:52:50","modified_gmt":"2021-02-07T22:52:50","slug":"creazioni-varie-2","status":"publish","type":"page","link":"https:\/\/valeriazunino.it\/blog\/creazioni-varie-2\/","title":{"rendered":"Creazioni Varie 2"},"content":{"rendered":"<p>Borsa di paglia da mare o comunque estiva..<\/p>\n<table style=\"width: 474px;\">\n<tbody>\n<tr>\n<td style=\"width: 211.717px;\">Questa la borsa di paglia comprata al mercato per 10,00 euro, anche un po&#8217; sbilenca..\u00a0 \u00e8 fatta a mano ..e si vede .. quelle artigianali sono in effetti tutte\u00a0 cosi<\/td>\n<td style=\"width: 225.283px;\"><img loading=\"lazy\" decoding=\"async\" class=\"alignnone size-medium wp-image-192\" src=\"http:\/\/2.225.140.8\/wordpress2\/wp-content\/uploads\/2016\/10\/IMG_2757-e1475963379609-225x300.jpg\" alt=\"img_2757\" width=\"225\" height=\"300\" srcset=\"https:\/\/valeriazunino.it\/blog\/wp-content\/uploads\/2016\/10\/IMG_2757-e1475963379609-225x300.jpg 225w, https:\/\/valeriazunino.it\/blog\/wp-content\/uploads\/2016\/10\/IMG_2757-e1475963379609-768x1024.jpg 768w\" sizes=\"auto, (max-width: 225px) 100vw, 225px\" \/><\/td>\n<\/tr>\n<\/tbody>\n<\/table>\n<p>Elaborata \u00a0 con materiale di recupero, non ho comprato nulla.\u00a0 Ho\u00a0 abbellito un po&#8217; la borsa che altrimenti \u00a0risultava veramente triste.. un po&#8217; di ritagli di vecchi jeans , del pizzo avanzato che avevo usato per rifinire una tovaglia comprata troppo corta, qualche tulle e fiocchetti delle bomboniere ricevute in dono e nappina che avevo acquistato per una chiave di un armadio ma che poi risultava troppo lungo..<\/p>\n<table style=\"width: 474px;\">\n<tbody>\n<tr>\n<td style=\"width: 232.05px;\">Ecco il pizzo utilizzato e cucito a mano tutto intorno alla borsa<\/td>\n<td style=\"width: 205.95px;\"><img loading=\"lazy\" decoding=\"async\" class=\"alignnone size-medium wp-image-193\" src=\"http:\/\/2.225.140.8\/wordpress2\/wp-content\/uploads\/2016\/10\/IMG_2759-e1475963400270-225x300.jpg\" alt=\"img_2759\" width=\"225\" height=\"300\" srcset=\"https:\/\/valeriazunino.it\/blog\/wp-content\/uploads\/2016\/10\/IMG_2759-e1475963400270-225x300.jpg 225w, https:\/\/valeriazunino.it\/blog\/wp-content\/uploads\/2016\/10\/IMG_2759-e1475963400270-768x1024.jpg 768w\" sizes=\"auto, (max-width: 225px) 100vw, 225px\" \/><\/td>\n<\/tr>\n<\/tbody>\n<\/table>\n<p>Senza nessun esempio , creata proprio sul momento , sperimentando..<\/p>\n<table style=\"width: 474px;\">\n<tbody>\n<tr>\n<td style=\"width: 199.05px;\">Dai vecchi jeans sono state ricavate delle\u00a0 strisce\u00a0\u00a0 con le quali\u00a0 ho avvolto\u00a0 i manici della borsa in modo che diventasse anche pi\u00f9 piacevole l&#8217;impugnatura al tatto ( senno la paglia un po&#8217; punge le mani ed \u00e8 un po&#8217; fastidiosa)manici\u00a0 rifiniti con due fiocchetti ricavati da bomboniere di cui io tengo spesso tutti i pezzi\u00a0 :)))<\/td>\n<td style=\"width: 238.95px;\"><img loading=\"lazy\" decoding=\"async\" class=\"alignnone size-medium wp-image-195\" src=\"http:\/\/2.225.140.8\/wordpress2\/wp-content\/uploads\/2016\/10\/IMG_2762-e1475963453828-225x300.jpg\" alt=\"img_2762\" width=\"225\" height=\"300\" srcset=\"https:\/\/valeriazunino.it\/blog\/wp-content\/uploads\/2016\/10\/IMG_2762-e1475963453828-225x300.jpg 225w, https:\/\/valeriazunino.it\/blog\/wp-content\/uploads\/2016\/10\/IMG_2762-e1475963453828-768x1024.jpg 768w\" sizes=\"auto, (max-width: 225px) 100vw, 225px\" \/><\/td>\n<\/tr>\n<\/tbody>\n<\/table>\n<p>Eccola finita , Con due facce diverse&#8230;<\/p>\n<table style=\"width: 474px;\">\n<tbody>\n<tr>\n<td style=\"width: 124px;\">E&#8217; rimasta sbilenca per\u00f2 ora \u00e8 decisamente pi\u00f9 carina .. e si nota meno l&#8217;imperfezione&#8230; \ud83d\ude42<\/td>\n<td style=\"width: 143.7px;\"><img loading=\"lazy\" decoding=\"async\" class=\"alignnone size-medium wp-image-194\" src=\"http:\/\/2.225.140.8\/wordpress2\/wp-content\/uploads\/2016\/10\/IMG_2761-e1475963423353-225x300.jpg\" alt=\"img_2761\" width=\"225\" height=\"300\" srcset=\"https:\/\/valeriazunino.it\/blog\/wp-content\/uploads\/2016\/10\/IMG_2761-e1475963423353-225x300.jpg 225w, https:\/\/valeriazunino.it\/blog\/wp-content\/uploads\/2016\/10\/IMG_2761-e1475963423353-768x1024.jpg 768w\" sizes=\"auto, (max-width: 225px) 100vw, 225px\" \/><\/td>\n<td style=\"width: 147.3px;\"><img loading=\"lazy\" decoding=\"async\" class=\"alignnone size-medium wp-image-196\" src=\"http:\/\/2.225.140.8\/wordpress2\/wp-content\/uploads\/2016\/10\/IMG_2763-e1475963500179-225x300.jpg\" alt=\"img_2763\" width=\"225\" height=\"300\" srcset=\"https:\/\/valeriazunino.it\/blog\/wp-content\/uploads\/2016\/10\/IMG_2763-e1475963500179-225x300.jpg 225w, https:\/\/valeriazunino.it\/blog\/wp-content\/uploads\/2016\/10\/IMG_2763-e1475963500179-768x1024.jpg 768w\" sizes=\"auto, (max-width: 225px) 100vw, 225px\" \/><\/td>\n<\/tr>\n<\/tbody>\n<\/table>\n<p>SEDIE<\/p>\n","protected":false},"excerpt":{"rendered":"<p>Borsa di paglia da mare o comunque estiva.. Questa la borsa di paglia comprata al mercato per 10,00 euro, anche un po&#8217; sbilenca..\u00a0 \u00e8 fatta a mano ..e si vede .. quelle artigianali sono in effetti tutte\u00a0 cosi Elaborata \u00a0 con materiale di recupero, non ho comprato nulla.\u00a0 Ho\u00a0 abbellito un po&#8217; la borsa che &hellip; <a href=\"https:\/\/valeriazunino.it\/blog\/creazioni-varie-2\/\" class=\"more-link\">Continua la lettura di <span class=\"screen-reader-text\">Creazioni Varie 2<\/span> <span class=\"meta-nav\">&rarr;<\/span><\/a><\/p>\n","protected":false},"author":1,"featured_media":0,"parent":0,"menu_order":0,"comment_status":"closed","ping_status":"closed","template":"","meta":{"footnotes":""},"class_list":["post-237","page","type-page","status-publish","hentry"],"yoast_head":"<!-- This site is optimized with the Yoast SEO plugin v27.0 - https:\/\/yoast.com\/product\/yoast-seo-wordpress\/ -->\n<title>Creazioni Varie 2 - ValeVz<\/title>\n<meta name=\"robots\" content=\"index, follow, max-snippet:-1, max-image-preview:large, max-video-preview:-1\" \/>\n<link rel=\"canonical\" href=\"https:\/\/valeriazunino.it\/blog\/creazioni-varie-2\/\" \/>\n<meta property=\"og:locale\" content=\"it_IT\" \/>\n<meta property=\"og:type\" content=\"article\" \/>\n<meta property=\"og:title\" content=\"Creazioni Varie 2 - ValeVz\" \/>\n<meta property=\"og:description\" content=\"Borsa di paglia da mare o comunque estiva.. Questa la borsa di paglia comprata al mercato per 10,00 euro, anche un po&#8217; sbilenca..\u00a0 \u00e8 fatta a mano ..e si vede .. quelle artigianali sono in effetti tutte\u00a0 cosi Elaborata \u00a0 con materiale di recupero, non ho comprato nulla.\u00a0 Ho\u00a0 abbellito un po&#8217; la borsa che &hellip; Continua la lettura di Creazioni Varie 2 &rarr;\" \/>\n<meta property=\"og:url\" content=\"https:\/\/valeriazunino.it\/blog\/creazioni-varie-2\/\" \/>\n<meta property=\"og:site_name\" content=\"ValeVz\" \/>\n<meta property=\"article:publisher\" content=\"https:\/\/www.facebook.com\/valeria.zunino.7\" \/>\n<meta property=\"article:modified_time\" content=\"2021-02-07T22:52:50+00:00\" \/>\n<meta property=\"og:image\" content=\"http:\/\/2.225.140.8\/wordpress2\/wp-content\/uploads\/2016\/10\/IMG_2757-e1475963379609-225x300.jpg\" \/>\n<meta name=\"twitter:card\" content=\"summary_large_image\" \/>\n<meta name=\"twitter:site\" content=\"@valezunin\" \/>\n<meta name=\"twitter:label1\" content=\"Tempo di lettura stimato\" \/>\n\t<meta name=\"twitter:data1\" content=\"2 minuti\" \/>\n<script type=\"application\/ld+json\" class=\"yoast-schema-graph\">{\"@context\":\"https:\/\/schema.org\",\"@graph\":[{\"@type\":\"WebPage\",\"@id\":\"https:\/\/valeriazunino.it\/blog\/creazioni-varie-2\/\",\"url\":\"https:\/\/valeriazunino.it\/blog\/creazioni-varie-2\/\",\"name\":\"Creazioni Varie 2 - ValeVz\",\"isPartOf\":{\"@id\":\"https:\/\/valeriazunino.it\/blog\/#website\"},\"primaryImageOfPage\":{\"@id\":\"https:\/\/valeriazunino.it\/blog\/creazioni-varie-2\/#primaryimage\"},\"image\":{\"@id\":\"https:\/\/valeriazunino.it\/blog\/creazioni-varie-2\/#primaryimage\"},\"thumbnailUrl\":\"http:\/\/2.225.140.8\/wordpress2\/wp-content\/uploads\/2016\/10\/IMG_2757-e1475963379609-225x300.jpg\",\"datePublished\":\"2016-10-09T10:12:30+00:00\",\"dateModified\":\"2021-02-07T22:52:50+00:00\",\"breadcrumb\":{\"@id\":\"https:\/\/valeriazunino.it\/blog\/creazioni-varie-2\/#breadcrumb\"},\"inLanguage\":\"it-IT\",\"potentialAction\":[{\"@type\":\"ReadAction\",\"target\":[\"https:\/\/valeriazunino.it\/blog\/creazioni-varie-2\/\"]}]},{\"@type\":\"ImageObject\",\"inLanguage\":\"it-IT\",\"@id\":\"https:\/\/valeriazunino.it\/blog\/creazioni-varie-2\/#primaryimage\",\"url\":\"http:\/\/2.225.140.8\/wordpress2\/wp-content\/uploads\/2016\/10\/IMG_2757-e1475963379609-225x300.jpg\",\"contentUrl\":\"http:\/\/2.225.140.8\/wordpress2\/wp-content\/uploads\/2016\/10\/IMG_2757-e1475963379609-225x300.jpg\"},{\"@type\":\"BreadcrumbList\",\"@id\":\"https:\/\/valeriazunino.it\/blog\/creazioni-varie-2\/#breadcrumb\",\"itemListElement\":[{\"@type\":\"ListItem\",\"position\":1,\"name\":\"Home\",\"item\":\"https:\/\/valeriazunino.it\/blog\/\"},{\"@type\":\"ListItem\",\"position\":2,\"name\":\"Creazioni Varie 2\"}]},{\"@type\":\"WebSite\",\"@id\":\"https:\/\/valeriazunino.it\/blog\/#website\",\"url\":\"https:\/\/valeriazunino.it\/blog\/\",\"name\":\"ValeVz\",\"description\":\"il mio sito\",\"potentialAction\":[{\"@type\":\"SearchAction\",\"target\":{\"@type\":\"EntryPoint\",\"urlTemplate\":\"https:\/\/valeriazunino.it\/blog\/?s={search_term_string}\"},\"query-input\":{\"@type\":\"PropertyValueSpecification\",\"valueRequired\":true,\"valueName\":\"search_term_string\"}}],\"inLanguage\":\"it-IT\"}]}<\/script>\n<!-- \/ Yoast SEO plugin. -->","yoast_head_json":{"title":"Creazioni Varie 2 - ValeVz","robots":{"index":"index","follow":"follow","max-snippet":"max-snippet:-1","max-image-preview":"max-image-preview:large","max-video-preview":"max-video-preview:-1"},"canonical":"https:\/\/valeriazunino.it\/blog\/creazioni-varie-2\/","og_locale":"it_IT","og_type":"article","og_title":"Creazioni Varie 2 - ValeVz","og_description":"Borsa di paglia da mare o comunque estiva.. Questa la borsa di paglia comprata al mercato per 10,00 euro, anche un po&#8217; sbilenca..\u00a0 \u00e8 fatta a mano ..e si vede .. quelle artigianali sono in effetti tutte\u00a0 cosi Elaborata \u00a0 con materiale di recupero, non ho comprato nulla.\u00a0 Ho\u00a0 abbellito un po&#8217; la borsa che &hellip; Continua la lettura di Creazioni Varie 2 &rarr;","og_url":"https:\/\/valeriazunino.it\/blog\/creazioni-varie-2\/","og_site_name":"ValeVz","article_publisher":"https:\/\/www.facebook.com\/valeria.zunino.7","article_modified_time":"2021-02-07T22:52:50+00:00","og_image":[{"url":"http:\/\/2.225.140.8\/wordpress2\/wp-content\/uploads\/2016\/10\/IMG_2757-e1475963379609-225x300.jpg","type":"","width":"","height":""}],"twitter_card":"summary_large_image","twitter_site":"@valezunin","twitter_misc":{"Tempo di lettura stimato":"2 minuti"},"schema":{"@context":"https:\/\/schema.org","@graph":[{"@type":"WebPage","@id":"https:\/\/valeriazunino.it\/blog\/creazioni-varie-2\/","url":"https:\/\/valeriazunino.it\/blog\/creazioni-varie-2\/","name":"Creazioni Varie 2 - ValeVz","isPartOf":{"@id":"https:\/\/valeriazunino.it\/blog\/#website"},"primaryImageOfPage":{"@id":"https:\/\/valeriazunino.it\/blog\/creazioni-varie-2\/#primaryimage"},"image":{"@id":"https:\/\/valeriazunino.it\/blog\/creazioni-varie-2\/#primaryimage"},"thumbnailUrl":"http:\/\/2.225.140.8\/wordpress2\/wp-content\/uploads\/2016\/10\/IMG_2757-e1475963379609-225x300.jpg","datePublished":"2016-10-09T10:12:30+00:00","dateModified":"2021-02-07T22:52:50+00:00","breadcrumb":{"@id":"https:\/\/valeriazunino.it\/blog\/creazioni-varie-2\/#breadcrumb"},"inLanguage":"it-IT","potentialAction":[{"@type":"ReadAction","target":["https:\/\/valeriazunino.it\/blog\/creazioni-varie-2\/"]}]},{"@type":"ImageObject","inLanguage":"it-IT","@id":"https:\/\/valeriazunino.it\/blog\/creazioni-varie-2\/#primaryimage","url":"http:\/\/2.225.140.8\/wordpress2\/wp-content\/uploads\/2016\/10\/IMG_2757-e1475963379609-225x300.jpg","contentUrl":"http:\/\/2.225.140.8\/wordpress2\/wp-content\/uploads\/2016\/10\/IMG_2757-e1475963379609-225x300.jpg"},{"@type":"BreadcrumbList","@id":"https:\/\/valeriazunino.it\/blog\/creazioni-varie-2\/#breadcrumb","itemListElement":[{"@type":"ListItem","position":1,"name":"Home","item":"https:\/\/valeriazunino.it\/blog\/"},{"@type":"ListItem","position":2,"name":"Creazioni Varie 2"}]},{"@type":"WebSite","@id":"https:\/\/valeriazunino.it\/blog\/#website","url":"https:\/\/valeriazunino.it\/blog\/","name":"ValeVz","description":"il mio sito","potentialAction":[{"@type":"SearchAction","target":{"@type":"EntryPoint","urlTemplate":"https:\/\/valeriazunino.it\/blog\/?s={search_term_string}"},"query-input":{"@type":"PropertyValueSpecification","valueRequired":true,"valueName":"search_term_string"}}],"inLanguage":"it-IT"}]}},"post_mailing_queue_ids":[],"_links":{"self":[{"href":"https:\/\/valeriazunino.it\/blog\/wp-json\/wp\/v2\/pages\/237","targetHints":{"allow":["GET"]}}],"collection":[{"href":"https:\/\/valeriazunino.it\/blog\/wp-json\/wp\/v2\/pages"}],"about":[{"href":"https:\/\/valeriazunino.it\/blog\/wp-json\/wp\/v2\/types\/page"}],"author":[{"embeddable":true,"href":"https:\/\/valeriazunino.it\/blog\/wp-json\/wp\/v2\/users\/1"}],"replies":[{"embeddable":true,"href":"https:\/\/valeriazunino.it\/blog\/wp-json\/wp\/v2\/comments?post=237"}],"version-history":[{"count":9,"href":"https:\/\/valeriazunino.it\/blog\/wp-json\/wp\/v2\/pages\/237\/revisions"}],"predecessor-version":[{"id":2438,"href":"https:\/\/valeriazunino.it\/blog\/wp-json\/wp\/v2\/pages\/237\/revisions\/2438"}],"wp:attachment":[{"href":"https:\/\/valeriazunino.it\/blog\/wp-json\/wp\/v2\/media?parent=237"}],"curies":[{"name":"wp","href":"https:\/\/api.w.org\/{rel}","templated":true}]}}